123125 - 333?
-123461
In base 10, what is 7 + -60169?
-60162
In base 5, what is 312301023313 - 2?
312301023311
In base 12, what is -4320 + 5231?
b11
In base 11, what is 5 - -203aa46?
203aa50
In base 6, what is -102424 - 2050?
-104514
In base 2, what is 1011111011011101111 + -1101101?
1011111011010000010
In base 13, what is 10735 + 8a9?
11311
In base 15, what is -ba7608a - 3?
-ba7608d
In base 13, what is -790 + -3a112?
-3a8a2
In base 8, what is -10522233 - 0?
-10522233
In base 13, what is 603cc - 41?
6038b
In base 16, what is 39c3fd + 0?
39c3fd
In base 9, what is -53588886 + 0?
-53588886
In base 11, what is 18 - -604921?
604939
In base 9, what is -1518 - -1113?
-405
In base 11, what is -412526 - -155?
-412381
In base 14, what is -bb + -122540?
-12261b
In base 14, what is -20a98 + -28b?
-20d45
In base 16, what is -2a2ec - -15a?
-2a192
In base 15, what is 17640 - -8a?
176ca
In base 2, what is -1111100 + 101111001001100010011?
101111001001010010111
In base 10, what is 1 + 5832815?
5832816
In base 13, what is -5328 - -498?
-4b60
In base 9, what is 85 + 2306168?
2306264
In base 3, what is 2001 - -10212211100020?
10212211102021
In base 3, what is -111121211122011 + 110?
-111121211121201
In base 5, what is -20132410 - -22?
-20132333
In base 15, what is d - 2e002a?
-2e001c
In base 10, what is 2 + -1726704?
-1726702
In base 12, what is 55954477 + -3?
55954474
In base 13, what is -210 - -173139?
172c29
In base 5, what is -3042134 + 314203?
-2222431
In base 13, what is -136 + 1ac?
76
In base 5, what is 4 + -403030343?
-403030334
In base 12, what is -a6584 - -a2a?
-a5756
In base 5, what is 42222 - 1214?
41003
In base 12, what is -37914 + -2a47?
-3a75b
In base 9, what is 720050 - 13?
720036
In base 15, what is -1 + 8b7100?
8b70ee
In base 9, what is 68456 - -51383?
130850
In base 2, what is -111110110110010 + 1110111?
-111110100111011
In base 10, what is 3 + 24769369?
24769372
In base 9, what is 1 + -1408831?
-1408830
In base 14, what is -4266bc4 - -4?
-4266bc0
In base 8, what is 1 - -440210464?
440210465
In base 8, what is 274 + -10023444?
-10023150
In base 7, what is -454162 + 3?
-454156
In base 16, what is -a - 24b0c74?
-24b0c7e
In base 10, what is -37 + 130897?
130860
In base 9, what is 767232310 + -5?
767232304
In base 7, what is -433 + -20026?
-20462
In base 16, what is 449624 - -1?
449625
In base 10, what is 7794014 + -14?
7794000
In base 13, what is -11b + 2ba9c?
2b981
In base 5, what is 2223242 - -122231?
2401023
In base 6, what is 2502 + -344025?
-341123
In base 4, what is 130022220 - 30320?
123331300
In base 16, what is -f62 + -1b?
-f7d
In base 9, what is -5 - 44883845?
-44883851
In base 8, what is 600740 + -1577?
577141
In base 15, what is -5c3eb2 + 4?
-5c3ead
In base 7, what is -3 - -253350326?
253350323
In base 9, what is 1437687 - -5?
1437703
In base 2, what is 1101011 - -10100010101?
10110000000
In base 6, what is 154552415 - -15?
154552434
In base 4, what is -2313001221 - 23?
-2313001310
In base 15, what is -2 - -1c884d95?
1c884d93
In base 9, what is 68617238 + -1?
68617237
In base 6, what is -344 + 243225?
242441
In base 15, what is 1 + -15ac99?
-15ac98
In base 15, what is -4 - 13ee6e?
-13ee73
In base 5, what is -22 + -3214221?
-3214243
In base 15, what is -17cdd9 + 1?
-17cdd8
In base 16, what is 7 + -acc2?
-acbb
In base 5, what is 23234014003 - -10?
23234014013
In base 16, what is 253 - -15ebe?
16111
In base 10, what is -315033 - 33?
-315066
In base 10, what is -65 - -12510?
12445
In base 10, what is 141 - 11568?
-11427
In base 8, what is 0 + 150405243?
150405243
In base 2, what is -10000 + 110110100000001111011?
110110100000001101011
In base 9, what is -376 - -1242014?
1241527
In base 5, what is 130124 + 1043?
131222
In base 2, what is 1 - -100100001110111001111?
100100001110111010000
In base 12, what is b + -717b262?
-717b253
In base 13, what is a0191 + 33?
a01c4
In base 9, what is 1257414 + -8?
1257405
In base 10, what is 34 + -314339?
-314305
In base 8, what is -75011314 + 5?
-75011307
In base 3, what is -1111102222211112001 - 12?
-1111102222211112020
In base 4, what is 2321 - -311223023?
311232010
In base 13, what is a971 + 377?
b018
In base 6, what is 203 - 14201414?
-14201211
In base 8, what is 1 + -770117454?
-770117453
In base 8, what is 3116205 + 762?
3117167
In base 11, what is -5 - -136144?
13613a
In base 4, what is -133 + 31201300?
31201101
In base 5, what is -1032100 + -3203?
-1040303
In base 14, what is a02da2 - 13?
a02d8d
In base 10, what is 5468922 - 20?
5468902
In base 13, what is 13 - 3719371?
-371935b
In base 2, what is 111000111100000 + -110010101001?
110010100110111
In base 9, what is 11675875 - -3?
11675878
In base 5, what is 414 + 342141343?
342142312
In base 8, what is 17 - 160364177?
-160364160
In base 6, what is -51 - -1300445140?
1300445045
In base 6, what is 3233 + -311131?
-303454
In base 11, what is 267a3 - 95?
26709
In base 13, what is 5 - 30bb614?
-30bb60c
In base 4, what is 1211 - 121330302?
-121323031
In base 3, what is 222 - 2122112220110?
-2122112212111
In base 9, what is 63 - -855627?
855701
In base 10, what is -3002 + -2375?
-5377
In base 16, what is -a + -13ae1?
-13aeb
In base 11, what is -4 + -2914aa48?
-2914aa51
In base 11, what is -5 - -15020881?
15020877
In base 16, what is -237444 + -a?
-23744e
In base 6, what is 525 + -31414510?
-31413541
In base 16, what is 16d7 - d1d?
9ba
In base 10, what is 3730879 + 55?
3730934
In base 10, what is 104 - 94449?
-94345
In base 12, what is 11274b05 - -3?
11274b08
In base 10, what is 13495928 + 3?
13495931
In base 14, what is -13 - 4428cc?
-442901
In base 11, what is 127a63a0 - -3?
127a63a3
In base 5, what is -32144 + -2143040?
-2230234
In base 16, what is -15 - -1ade09?
1addf4
In base 2, what is -11001101101100110100 - -1000010?
-11001101101011110010
In base 14, what is -c - -1b86b27?
1b86b19
In base 6, what is -20 - 315135153?
-315135213
In base 14, what is 843 + 2d9d3?
30436
In base 11, what is -6a3a7208 + -1?
-6a3a7209
In base 9, what is -35653 - -23284?
-12358
In base 9, what is 60350543 - -2?
60350545
In base 9, what is 1286 + -514617?
-513321
In base 9, what is -537446 - -44?
-537402
In base 3, what is -221221202122011 + -1?
-221221202122012
In base 11, what is 44 + 138a93?
139027
In base 9, what is -178452455 - 10?
-178452465
In base 11, what is 1218a81975 + 2?
1218a81977
In base 12, what is -3a1 - -75328?
74b47
In base 14, what is 173 - 1b3c6?
-1b253
In base 3, what is 2010100 + 200110222?
202121022
In base 5, what is -1020320330 - 201?
-1020321031
In base 11, what is 8205950 + -18?
8205933
In base 14, what is 933 + 13170?
13aa3
In base 10, what is -13740 + 3535?
-10205
In base 5, what is 12211214 + -32013?
12124201
In base 8, what is 3050266 + -2?
3050264
In base 10, what is 19049 - 229?
18820
In base 10, what is -1190 + 3669?
2479
In base 15, what is -dee5d + -144?
-e00a2
In base 9, what is 67236 + -71?
67155
In base 14, what is -1a09 - -687?
-1362
In base 10, what is 884 + -1523?
-639
In base 8, what is -24537 - -624?
-23713
In base 3, what is 2220020 - -10211111?
20201201
In base 16, what is 4 + 158d036?
158d03a
In base 2, what is -10110001001010001000000 - -10110?
-10110001001010000101010
In base 6, what is 3330 + -43004?
-35234
In base 8, what is -17 + -6047672?
-6047711
In base 3, what is 22202022 + -1012001?
21120021
In base 9, what is -7 - -2237373?
2237365
In base 14, what is 0 - -679c76?
679c76
In base 13, what is -421 + 79b21?
79700
In base 2, what is -1001110001011010111111 + -101?
-1001110001011011000100
In base 16, what is 2 - -2859f83?
2859f85
In base 2, what is -111 + 100001101100110101101?
100001101100110100110
In base 14, what is -1 + -32d09dd?
-32d0a00
In base 6, what is 11501525 + 5055?
11511024
In base 15, what is -2c871 - -e3?
-2c77d
In base 7, what is 11 + -14353046?
-14353035
In base 12, what is a62 + -23333?
-22491
In base 12, what is -744298 + -18?
-7442b4
In base 15, what is 5856 - bbe?
4b87
In base 4, what is -20213101131 + 32?
-20213101033
In base 14, what is -2a7087c + -b?
-2a70889
In base 16, what is 4 + b09a81?
b09a85
In base 9, what is 3414752 - -341?
3415203
In base 8, what is -31556116 + -246?
-31556364
In base 16, what is 1 - 116f50?
-116f4f
In base 15, what is 35346e - b?
353463
In base 10, what is 15437 + 195